{"id":15,"date":"2022-04-08T14:57:33","date_gmt":"2022-04-08T14:57:33","guid":{"rendered":"https:\/\/3d-island.com\/panier"},"modified":"2022-04-08T14:57:33","modified_gmt":"2022-04-08T14:57:33","slug":"panier","status":"publish","type":"page","link":"https:\/\/3d-island.com\/?page_id=15","title":{"rendered":"Panier"},"content":{"rendered":"<div class=\"woocommerce\"><div class=\"woocommerce-notices-wrapper\"><\/div><div class=\"wc-empty-cart-message\">\n\t<div class=\"cart-empty woocommerce-info\" role=\"status\">\n\t\tVotre panier est actuellement vide.\t<\/div>\n<\/div>\t\t\t<link rel=\"stylesheet\" id=\"wd-woo-page-empty-page-css\" href=\"https:\/\/3d-island.com\/wp-content\/themes\/woodmart\/css\/parts\/woo-page-empty-page.min.css?ver=6.3.3\" type=\"text\/css\" media=\"all\" \/> \t\t\t\t\t<p class=\"cart-empty wd-empty-page\">\n\t\t\tVotre panier est actuellement vide.\t\t<\/p>\n\t\t\t\t\t\t<div class=\"wd-empty-page-text\">\n\t\t\t\tAvant de passer \u00e0 la caisse, vous devez ajouter des produits \u00e0 votre panier.<br> Vous trouverez de nombreux produits int\u00e9ressants sur notre page \"Boutique\".\t\t\t<\/div>\n\t\t\t\t<p class=\"return-to-shop\">\n\t\t<a class=\"button wc-backward\" href=\"https:\/\/3d-island.com\/?page_id=14\">\n\t\t\tRetour \u00e0 la boutique\t\t<\/a>\n\t<\/p>\n<\/div>\n","protected":false},"excerpt":{"rendered":"","protected":false},"author":1,"featured_media":0,"parent":0,"menu_order":0,"comment_status":"closed","ping_status":"closed","template":"","meta":{"footnotes":""},"class_list":["post-15","page","type-page","status-publish","hentry"],"yoast_head":"<!-- This site is optimized with the Yoast SEO plugin v27.4 - https:\/\/yoast.com\/product\/yoast-seo-wordpress\/ -->\n<title>Panier - 3D-ISLAND<\/title>\n<meta name=\"robots\" content=\"index, follow, max-snippet:-1, max-image-preview:large, max-video-preview:-1\" \/>\n<link rel=\"canonical\" href=\"https:\/\/3d-island.com\/?page_id=15\" \/>\n<meta property=\"og:locale\" content=\"fr_FR\" \/>\n<meta property=\"og:type\" content=\"article\" \/>\n<meta property=\"og:title\" content=\"Panier - 3D-ISLAND\" \/>\n<meta property=\"og:url\" content=\"https:\/\/3d-island.com\/?page_id=15\" \/>\n<meta property=\"og:site_name\" content=\"3D-ISLAND\" \/>\n<meta property=\"article:publisher\" content=\"https:\/\/www.facebook.com\/lbi3d974\" \/>\n<meta name=\"twitter:card\" content=\"summary_large_image\" \/>\n<script type=\"application\/ld+json\" class=\"yoast-schema-graph\">{\"@context\":\"https:\\\/\\\/schema.org\",\"@graph\":[{\"@type\":\"WebPage\",\"@id\":\"https:\\\/\\\/3d-island.com\\\/?page_id=15\",\"url\":\"https:\\\/\\\/3d-island.com\\\/?page_id=15\",\"name\":\"Panier - 3D-ISLAND\",\"isPartOf\":{\"@id\":\"https:\\\/\\\/3d-island.com\\\/#website\"},\"datePublished\":\"2022-04-08T14:57:33+00:00\",\"breadcrumb\":{\"@id\":\"https:\\\/\\\/3d-island.com\\\/?page_id=15#breadcrumb\"},\"inLanguage\":\"fr-FR\",\"potentialAction\":[{\"@type\":\"ReadAction\",\"target\":[\"https:\\\/\\\/3d-island.com\\\/?page_id=15\"]}]},{\"@type\":\"BreadcrumbList\",\"@id\":\"https:\\\/\\\/3d-island.com\\\/?page_id=15#breadcrumb\",\"itemListElement\":[{\"@type\":\"ListItem\",\"position\":1,\"name\":\"Accueil\",\"item\":\"https:\\\/\\\/3d-island.com\\\/\"},{\"@type\":\"ListItem\",\"position\":2,\"name\":\"Panier\"}]},{\"@type\":\"WebSite\",\"@id\":\"https:\\\/\\\/3d-island.com\\\/#website\",\"url\":\"https:\\\/\\\/3d-island.com\\\/\",\"name\":\"3D-ISLAND\",\"description\":\"3D-ISLAND l&#039;impression 3D \u00e0 la demande\",\"publisher\":{\"@id\":\"https:\\\/\\\/3d-island.com\\\/#organization\"},\"potentialAction\":[{\"@type\":\"SearchAction\",\"target\":{\"@type\":\"EntryPoint\",\"urlTemplate\":\"https:\\\/\\\/3d-island.com\\\/?s={search_term_string}\"},\"query-input\":{\"@type\":\"PropertyValueSpecification\",\"valueRequired\":true,\"valueName\":\"search_term_string\"}}],\"inLanguage\":\"fr-FR\"},{\"@type\":\"Organization\",\"@id\":\"https:\\\/\\\/3d-island.com\\\/#organization\",\"name\":\"3D-ISLAND\",\"url\":\"https:\\\/\\\/3d-island.com\\\/\",\"logo\":{\"@type\":\"ImageObject\",\"inLanguage\":\"fr-FR\",\"@id\":\"https:\\\/\\\/3d-island.com\\\/#\\\/schema\\\/logo\\\/image\\\/\",\"url\":\"https:\\\/\\\/3d-island.com\\\/wp-content\\\/uploads\\\/2021\\\/08\\\/logo3disland.png\",\"contentUrl\":\"https:\\\/\\\/3d-island.com\\\/wp-content\\\/uploads\\\/2021\\\/08\\\/logo3disland.png\",\"width\":1538,\"height\":221,\"caption\":\"3D-ISLAND\"},\"image\":{\"@id\":\"https:\\\/\\\/3d-island.com\\\/#\\\/schema\\\/logo\\\/image\\\/\"},\"sameAs\":[\"https:\\\/\\\/www.facebook.com\\\/lbi3d974\"]}]}<\/script>\n<!-- \/ Yoast SEO plugin. -->","yoast_head_json":{"title":"Panier - 3D-ISLAND","robots":{"index":"index","follow":"follow","max-snippet":"max-snippet:-1","max-image-preview":"max-image-preview:large","max-video-preview":"max-video-preview:-1"},"canonical":"https:\/\/3d-island.com\/?page_id=15","og_locale":"fr_FR","og_type":"article","og_title":"Panier - 3D-ISLAND","og_url":"https:\/\/3d-island.com\/?page_id=15","og_site_name":"3D-ISLAND","article_publisher":"https:\/\/www.facebook.com\/lbi3d974","twitter_card":"summary_large_image","schema":{"@context":"https:\/\/schema.org","@graph":[{"@type":"WebPage","@id":"https:\/\/3d-island.com\/?page_id=15","url":"https:\/\/3d-island.com\/?page_id=15","name":"Panier - 3D-ISLAND","isPartOf":{"@id":"https:\/\/3d-island.com\/#website"},"datePublished":"2022-04-08T14:57:33+00:00","breadcrumb":{"@id":"https:\/\/3d-island.com\/?page_id=15#breadcrumb"},"inLanguage":"fr-FR","potentialAction":[{"@type":"ReadAction","target":["https:\/\/3d-island.com\/?page_id=15"]}]},{"@type":"BreadcrumbList","@id":"https:\/\/3d-island.com\/?page_id=15#breadcrumb","itemListElement":[{"@type":"ListItem","position":1,"name":"Accueil","item":"https:\/\/3d-island.com\/"},{"@type":"ListItem","position":2,"name":"Panier"}]},{"@type":"WebSite","@id":"https:\/\/3d-island.com\/#website","url":"https:\/\/3d-island.com\/","name":"3D-ISLAND","description":"3D-ISLAND l&#039;impression 3D \u00e0 la demande","publisher":{"@id":"https:\/\/3d-island.com\/#organization"},"potentialAction":[{"@type":"SearchAction","target":{"@type":"EntryPoint","urlTemplate":"https:\/\/3d-island.com\/?s={search_term_string}"},"query-input":{"@type":"PropertyValueSpecification","valueRequired":true,"valueName":"search_term_string"}}],"inLanguage":"fr-FR"},{"@type":"Organization","@id":"https:\/\/3d-island.com\/#organization","name":"3D-ISLAND","url":"https:\/\/3d-island.com\/","logo":{"@type":"ImageObject","inLanguage":"fr-FR","@id":"https:\/\/3d-island.com\/#\/schema\/logo\/image\/","url":"https:\/\/3d-island.com\/wp-content\/uploads\/2021\/08\/logo3disland.png","contentUrl":"https:\/\/3d-island.com\/wp-content\/uploads\/2021\/08\/logo3disland.png","width":1538,"height":221,"caption":"3D-ISLAND"},"image":{"@id":"https:\/\/3d-island.com\/#\/schema\/logo\/image\/"},"sameAs":["https:\/\/www.facebook.com\/lbi3d974"]}]}},"jetpack_sharing_enabled":true,"_links":{"self":[{"href":"https:\/\/3d-island.com\/index.php?rest_route=\/wp\/v2\/pages\/15","targetHints":{"allow":["GET"]}}],"collection":[{"href":"https:\/\/3d-island.com\/index.php?rest_route=\/wp\/v2\/pages"}],"about":[{"href":"https:\/\/3d-island.com\/index.php?rest_route=\/wp\/v2\/types\/page"}],"author":[{"embeddable":true,"href":"https:\/\/3d-island.com\/index.php?rest_route=\/wp\/v2\/users\/1"}],"replies":[{"embeddable":true,"href":"https:\/\/3d-island.com\/index.php?rest_route=%2Fwp%2Fv2%2Fcomments&post=15"}],"version-history":[{"count":0,"href":"https:\/\/3d-island.com\/index.php?rest_route=\/wp\/v2\/pages\/15\/revisions"}],"wp:attachment":[{"href":"https:\/\/3d-island.com\/index.php?rest_route=%2Fwp%2Fv2%2Fmedia&parent=15"}],"curies":[{"name":"wp","href":"https:\/\/api.w.org\/{rel}","templated":true}]}}